culate the greatest common divisor of 244 and f.
4
Let o(b) = 12*b + 240. Let k be o(-16). Let w(m) = -16*m + 8. Let u be w(-7). Calculate the highest common factor of u and k.
24
Let c = 809 - 499. Suppose 301*a = c*a - 342. Calculate the highest common factor of 4 and a.
2
Let u be 126 - (30/50)/((-4)/(-60)). Calculate the highest common factor of 1651 and u.
13
Suppose 0 = -q - 8 + 14. Suppose 0 = -11*k + q*k + 3*u + 280, 4*u = -3*k + 168. Calculate the greatest common factor of 448 and k.
56
Suppose -16 = -2*h - 2*h. Let m = -547 + 583. Calculate the highest common divisor of m and h.
4
Let i(s) be the first derivative of 3*s**2 + 124*s - 7. Let f be i(-20). Calculate the highest common divisor of 112 and f.
4
Suppose 90*a - 1809 = 10*a + 1231. What is the highest common factor of a and 8873?
19
Let n = -188 - -193. Suppose 19 = -n*i + 69. Calculate the highest common divisor of i and 90.
10
Let n be 9 + 0 + (0 - 0). Let k(o) = -12*o**2 - 38*o. Let g be k(-4). Let m be g/(-12) + (3 - 10/3). What is the greatest common divisor of m and n?
3
Let s = 21 - 21. Suppose s*m = m - 1. Let a = 6 + m. Calculate the greatest common divisor of 56 and a.
7
Let h(k) = k**3 + 3*k + 58. Let z be h(0). Let p = 57 - z. Let r be (-8 + -4)/((-3)/(-4)*p). What is the greatest common factor of 64 and r?
16
Let y be ((-7965)/(-3717))/((-41)/21 - -2). Let l(k) = 4*k**2 + 3*k + 1. Let w be l(-3). Let o = w - 1. What is the highest common factor of o and y?
9
Let h(x) = 301*x**2 - 1165*x - 2330. Let b be h(-2). Calculate the highest common factor of 860 and b.
172
Let o be 4 + ((-10)/20 - 10/(-4)). Suppose -5 = k, 3*v + 5*k = o*k + 665. What is the greatest common divisor of v and 10?
10
Let o(b) = 2*b - 7. Let w(a) = 3*a - 4. Let t(r) = -6*o(r) + 5*w(r). Let j be (-21)/(3/(-2)*1). Let n be t(j). Calculate the highest common divisor of 8 and n.
8
Let u(s) be the second derivative of 9*s**3/2 - 48*s**2 - s - 70. Let w be u(6). Calculate the greatest common factor of w and 231.
33
Let c(i) = 86*i - 26. Let v be c(-2). Let f be (0 + v)/(-3) + -1. Calculate the highest common factor of 455 and f.
65
Let t be (-3)/(-4) - (-424)/32. Let h be (-4)/12*(-1 - 210 - -1). Calculate the greatest common factor of h and t.
14
Suppose 4*p - 1280 = 3616. Suppose 14*r = 5*r + p. Calculate the highest common factor of r and 17.
17
Let c(b) = -19*b**3 + 17*b**2 + 16*b + 10. Let w be c(-6). What is the greatest common factor of 20 and w?
10
Let h = -67 + 57. Let i be ((-111)/(-15))/((-2)/h). What is the highest common divisor of 481 and i?
37
Suppose i - a = 14, -5*i + a + 2*a + 70 = 0. Let u = 1482 + -1220. Let r = u - i. Calculate the highest common divisor of 31 and r.
31
Suppose 10*z + 550 = 15*z. Let v = 1071 + -851. What is the highest common divisor of v and z?
110
Let u be (-9 - 1)/((378/119)/(-27)). Calculate the highest common divisor of 1615 and u.
85
Let n be 3430/126 + -9 - (-2)/(-9). Let g be (-7 + 117/n)/((-2)/72). Let q(v) = -5*v + 4. Let t be q(-4). What is the highest common divisor of t and g?
6
Let j be 2*(1 - 2)/(-1). Suppose -3*i - 5*m - 13 = -4*m, 0 = 5*i + 4*m + 17. Let x be (-20)/i*(-11)/(-2)*1. Calculate the highest common factor of j and x.
2
Suppose -5*j + 9*j - 20 = 0. Let c = -63 - -78. Calculate the greatest common divisor of c and j.
5
Let d = 325 + -235. Calculate the highest common factor of d and 1380.
30
Let x be (-132)/18 + (-1)/(-3). Let j = x + 9. Suppose 0 = 91*i - 45*i - 53*i + 42. What is the greatest common divisor of i and j?
2
Let b = -2630 + 3002. Calculate the greatest common factor of 24 and b.
12
Let f be 976 + (-15)/9*-3. What is the highest common divisor of 9 and f?
9
Suppose 2*k - 2*k = 17*k - 79305. Calculate the highest common divisor of k and 60.
15
Let j = 1665 + 6015. Calculate the highest common factor of 30 and j.
30
Let w(i) = 2*i + 10*i - 17*i + 8*i + 10. Let y be w(-2). Suppose -a = -y - 124. What is the highest common factor of 32 and a?
32
Let i(v) = 2*v**3 + 4*v**2 - 175*v + 4. Let h be i(12). What is the greatest common factor of h and 32?
16
Let k(y) = y**3 + 4*y**2 - 34*y - 10. Let f be k(-8). Let b be (((-15)/f)/(-1))/(10/20). What is the greatest common factor of b and 40?
5
Let h(a) = 2*a**3 - 12*a**2 + 11*a - 1. Let g be h(5). Suppose 4*s + 3*r - 29 = 0, -17 = -6*s + g*s + r. What is the highest common factor of 32 and s?
8
Suppose -y - 114 = 2*y. Let n = y - -38. Suppose 4*s - 8*s - 16 = p, n = -2*p - 3*s - 7. What is the greatest common divisor of 2 and p?
2
Let f be (13/(936/(-324)))/(0 - (-2)/(-1012)). What is the greatest common factor of f and 46?
23
Let t(q) = 183*q**2 - 2378*q + 18. Let m be t(13). Calculate the greatest common divisor of m and 7967.
31
Let h be (-9229)/(-77) + (-2)/(-14). Suppose 4*k = -v + 7, -4*v - 57*k + 52*k = -50. What is the greatest common divisor of v and h?
15
Suppose m - v - 2763 = 0, 10*m + 4*v + 2748 = 11*m. What is the highest common factor of 80 and m?
16
Suppose -425986 = -226*o + 141048. What is the greatest common divisor of o and 193?
193
Suppose -43*l - 4447 + 11917 = 123*l. What is the highest common divisor of l and 615?
15
Suppose 46200 = 55*c - 22*c. Calculate the greatest common factor of 50 and c.
50
Let l = 2937 + -2955. Let x = 36 + -93. Let u = l - x. Calculate the greatest common factor of 117 and u.
39
Let w = 4 - 6. Let n be (-8)/(-1*w/(-6)). Suppose -311 = 3*a - 20*i, 114*a + 5*i = 117*a + 71. What is the highest common factor of n and a?
3
Let h(a) = 3*a**3 - 16*a**2 - 6*a - 28. Let u be h(6). What is the greatest common divisor of 1928 and u?
8
Let m = 16714 - 16390. Calculate the greatest common factor of 288 and m.
36
Suppose -5041 = -2*g - 3*t, 0 = -2*g - 2*t - 2*t + 5038. What is the highest common factor of g and 25?
25
Let m be 2/(-10) + (-36)/(-5). Suppose -r = m*r - r. Suppose -40 = -2*h - r. What is the highest common divisor of 20 and h?
20
Let m be (22144/52 - 12/(-78)) + 2 + -8. Calculate the highest common divisor of m and 9555.
105
Let u = -3557 - -3570. What is the greatest common factor of 1703 and u?
13
Let v be (20/12)/((-29)/(-2523)). Calculate the highest common factor of v and 1218.
29
Let i = 26812 - 25615. Calculate the greatest common factor of i and 630.
63
Let z(o) = 2*o**3 - 2*o**2 - 3*o - 1. Let c be z(3). Suppose -2247*u + 17814 + 17807 = 6410. What is the greatest common divisor of c and u?
13
Let k(w) = 5*w**2 - 7*w - 53. Let z be k(-9). Let t = z + -407. Calculate the highest common divisor of t and 128.
8
Suppose 248*o = -10615 + 68895. What is the greatest common divisor of 6251 and o?
47
Suppose -2*k + 0*k + 692 = -4*u, 3*u + 1399 = 4*k. Suppose 0*y = -2*y + k. Calculate the highest common factor of y and 32.
16
Let x be (-11072)/(-16)*(-5 - 11/(-2)). Calculate the highest common divisor of 865 and x.
173
Suppose -z = -5*n + 29, -4*n - 2*z = -35 + 9. Suppose -n*w + 360 = 3*w. Let v = w - 34. Calculate the greatest common factor of v and 9.
3
Let x(g) = 2*g**3 - 13*g**2 - 29*g + 6. Let i be x(12). Calculate the highest common factor of 184 and i.
46
Suppose 0 = -4*g - 4*x + 8 - 0, -g - 5*x - 18 = 0. Let f be (24/g)/(2/7). Suppose -16*t + f*t + 48 = 0. What is the highest common factor of t and 4?
4
Let k(m) = -m**3 + 4*m**2 + m - 9. Let y be k(5). Let q be (y - -37)/((-2)/(-11)). Calculate the greatest common divisor of 99 and q.
11
Suppose 5*f + 161 = 281. Calculate the highest common divisor of 708 and f.
12
Let j be 2 + (-13 - (-6 + 2)). Let g be (-3)/j + 2590/(-98). Let s = -16 - g. Calculate the highest common divisor of s and 10.
10
Suppose -t + 156 = 3*q - 9*q, 5*t - 2*q = 808. What is the greatest common divisor of t and 1350?
54
Let o = -76 - -79. Let y be 1/o + 58/6. What is the greatest common factor of 55 and y?
5
Suppose -16*c = -20*c + q + 189, 2*q = 6. What is the greatest common divisor of c and 216?
24
Let u = 677 - 638. Suppose u*w - 5*w = 1632. Calculate the greatest common factor of w and 36.
12
Suppose 4*l = 9*l. Let v = l + -2. Let m be (-5)/v*(-3 + (-316)/(-20)). What is the highest common factor of 16 and m?
16
Let z(g) = 72*g + 797. Let l be z(-11). What is the highest common divisor of 545 and l?
5
Let t(g) = -38*g. Let s be t(-2). Let x = 31751 - 31143. What is the highest common factor of 